{"version":"1.0","provider_name":"Alexandre Cenis","provider_url":"https:\/\/alexandrecenis.com","title":"Jair Bolsonaro prend Share - Alexandre Cenis","type":"rich","width":600,"height":338,"html":"<blockquote class=\"wp-embedded-content\" data-secret=\"13j36AqIKm\"><a href=\"https:\/\/alexandrecenis.com\/index.php\/2021\/10\/13\/jair-bolsonaro-prend-share\/\">Jair Bolsonaro prend Share<\/a><\/blockquote><iframe sandbox=\"allow-scripts\" security=\"restricted\" src=\"https:\/\/alexandrecenis.com\/index.php\/2021\/10\/13\/jair-bolsonaro-prend-share\/embed\/#?secret=13j36AqIKm\" width=\"600\" height=\"338\" title=\"\u00ab\u00a0Jair Bolsonaro prend Share\u00a0\u00bb &#8212; Alexandre Cenis\" data-secret=\"13j36AqIKm\" frameborder=\"0\" marginwidth=\"0\" marginheight=\"0\" scrolling=\"no\" class=\"wp-embedded-content\"><\/iframe><script type=\"text\/javascript\">\n\/* <![CDATA[ *\/\n\/*! This file is auto-generated *\/\n!function(d,l){\"use strict\";l.querySelector&&d.addEventListener&&\"undefined\"!=typeof URL&&(d.wp=d.wp||{},d.wp.receiveEmbedMessage||(d.wp.receiveEmbedMessage=function(e){var t=e.data;if((t||t.secret||t.message||t.value)&&!\/[^a-zA-Z0-9]\/.test(t.secret)){for(var s,r,n,a=l.querySelectorAll('iframe[data-secret=\"'+t.secret+'\"]'),o=l.querySelectorAll('blockquote[data-secret=\"'+t.secret+'\"]'),c=new RegExp(\"^https?:$\",\"i\"),i=0;i<o.length;i++)o[i].style.display=\"none\";for(i=0;i<a.length;i++)s=a[i],e.source===s.contentWindow&&(s.removeAttribute(\"style\"),\"height\"===t.message?(1e3<(r=parseInt(t.value,10))?r=1e3:~~r<200&&(r=200),s.height=r):\"link\"===t.message&&(r=new URL(s.getAttribute(\"src\")),n=new URL(t.value),c.test(n.protocol))&&n.host===r.host&&l.activeElement===s&&(d.top.location.href=t.value))}},d.addEventListener(\"message\",d.wp.receiveEmbedMessage,!1),l.addEventListener(\"DOMContentLoaded\",function(){for(var e,t,s=l.querySelectorAll(\"iframe.wp-embedded-content\"),r=0;r<s.length;r++)(t=(e=s[r]).getAttribute(\"data-secret\"))||(t=Math.random().toString(36).substring(2,12),e.src+=\"#?secret=\"+t,e.setAttribute(\"data-secret\",t)),e.contentWindow.postMessage({message:\"ready\",secret:t},\"*\")},!1)))}(window,document);\n\/\/# sourceURL=https:\/\/alexandrecenis.com\/wp-includes\/js\/wp-embed.min.js\n\/* ]]> *\/\n<\/script>\n","thumbnail_url":"https:\/\/alexandrecenis.com\/wp-content\/uploads\/2021\/10\/2.jpg","thumbnail_width":721,"thumbnail_height":405,"description":"Bien le bonjour le monde digital ! C\u2019est une premi\u00e8re dans l&rsquo;histoire dont l&rsquo;objectif est clair : cr\u00e9er un pr\u00e9c\u00e9dent. L\u2019ONG autrichienne AllRise a d\u00e9pos\u00e9 plainte pour crime contre l\u2019humanit\u00e9 \u00e0 l\u2019encontre du pr\u00e9sident br\u00e9silien Jair Bolsonaro devant la Cour P\u00e9nale Internationale. Sous sa pr\u00e9sidence, le rythme de la d\u00e9forestation amazonienne dans le pays s\u2019est [&hellip;]"}

Bien le bonjour le monde digital ! C’est une première dans l&rsquo;histoire dont l&rsquo;objectif est clair : créer un précédent. L’ONG autrichienne AllRise a déposé plainte pour crime contre l’humanité à l’encontre du président brésilien Jair Bolsonaro devant la Cour Pénale Internationale. Sous sa présidence, le rythme de la déforestation amazonienne dans le pays s’est [&hellip;]
